(n) = -n**3 - 49*n**2 + 36*n - 450. Calculate l(-50).
250
Let w(u) = -581*u - 2669. Determine w(-5).
236
Let u(g) = -36*g + 484. Determine u(13).
16
Let j(s) = -63*s + 7791. Determine j(124).
-21
Let k(x) = 2*x**3 - 6*x**2 - 2*x. Determine k(0).
0
Let y(z) = z**2 - 26*z - 58. What is y(26)?
-58
Let d(h) = -14*h**2 - 126*h - 59. Calculate d(-8).
53
Let h(x) = -65*x + 1503. Calculate h(23).
8
Let f(l) = 2*l**3 + 37*l**2 - 10*l - 519. Calculate f(-18).
-15
Let d(b) = -b**3 + 2*b**2 + 2054*b - 6165. Give d(3).
-12
Let w(v) = -2*v**2 + 200*v - 2259. What is w(87)?
3
Let k(t) = -6*t**2 + 89*t + 91. Calculate k(-1).
-4
Let t(l) = -27709*l - 138552. Determine t(-5).
-7
Let w(t) = 2*t**2 - 153*t + 2929. What is w(37)?
6
Let a(q) = 243*q + 719. Calculate a(-3).
-10
Let o(c) = 2*c**2 - 45. Calculate o(8).
83
Let y(i) = i**3 + 15*i**2 + 32*i + 3. Give y(-12).
51
Let d(j) = j**2 - 3213*j - 22529. Calculate d(-7).
11
Let h(n) = -22*n**2 + 87*n + 49. What is h(4)?
45
Let w(l) = -l**2 - 74*l - 1253. Calculate w(-48).
-5
Let v(x) = 4*x**3 - 54*x**2 - 23*x - 85. Calculate v(14).
-15
Let w(y) = -y**2 - 98*y + 2249. Calculate w(19).
26
Let v(u) = -5*u**2 + 19*u + 12. Give v(5).
-18
Let q(k) = -334*k + 6070. Calculate q(18).
58
Let z(o) = -3*o**3 + 2*o**2 + 23*o - 25. Give z(-3).
5
Let u(n) = 223*n + 3118. What is u(-14)?
-4
Let t(d) = -4*d**3 - 4*d**2 + 8*d + 26. Determine t(-2).
26
Let g(i) = i**3 + 4*i**2 - 61*i + 20. Calculate g(7).
132
Let y(l) = l**3 + 4*l**2 + 7*l + 8. Determine y(-4).
-20
Let q(j) = 95*j**2 + 612*j + 271. Give q(-6).
19
Let a(g) = 79*g + 564. Give a(-7).
11
Let b(v) = 33*v + 122. Give b(-4).
-10
Let v(f) = -f**3 + 6*f**2 - 11*f - 7. What is v(5)?
-37
Let r(p) = -p**3 - 16*p**2 - 15*p + 11. Give r(-15).
11
Let z(g) = -g**3 + 8*g**2 + 34*g - 7. Calculate z(-4).
49
Let q(u) = -u**3 - 107*u**2 - 309*u + 312. Determine q(-104).
0
Let b(o) = 236*o - 2929. What is b(9)?
-805
Let f(t) = 3*t**2 + 27*t - 160. Calculate f(-11).
-94
Let p(m) = 378*m - 6794. Calculate p(18).
10
Let k(y) = 2*y**2 - 14*y - 24. Calculate k(7).
-24
Let p(t) = -t**2 - 33*t + 538. Determine p(-46).
-60
Let v(m) = 27*m + 2217. Give v(-83).
-24
Let z(x) = -9*x**2 + 710*x - 637. Determine z(78).
-13
Let o(q) = 10*q**3 - 6*q**2 - 27*q + 85. Give o(3).
220
Let k(q) = -q**3 + 32*q**2 + 296*q - 2584. Calculate k(38).
0
Let q(s) = -s**2 + 208*s + 1062. Give q(-5).
-3
Let b(u) = -u**3 - 22*u**2 + 233*u - 194. What is b(-30)?
16
Let c(o) = -o**2 + 2*o + 438. What is c(23)?
-45
Let a(r) = r**3 + 15*r**2 + 33*r + 70. Give a(-13).
-21
Let g(w) = -w**2 - 5*w + 105. Determine g(-13).
1
Let g(w) = -w**3 - 27*w**2 - 179*w - 36. Calculate g(-16).
12
Let x(b) = 3*b**2 + 66*b + 311. What is x(-7)?
-4
Let x(l) = -l**3 - 29*l**2 + 129*l - 1. Give x(4).
-13
Let g(f) = f**3 + 6*f**2 - 13*f + 15. Calculate g(-8).
-9
Let g(s) = -8*s**2 - 631*s + 80. Calculate g(-79).
1
Let s(z) = -38*z + 3286. Determine s(87).
-20
Let d(f) = 1875*f - 3746. Calculate d(2).
4
Let g(w) = -2*w**3 - 4*w**2 + 386*w + 53. Determine g(13).
1
Let m(g) = -2*g**2 + 7*g + 6. Give m(1).
11
Let p(d) = -8*d - 137. Determine p(-20).
23
Let a(q) = 299*q - 6279. Give a(21).
0
Let p(g) = -g**3 - 35*g**2 - 244*g + 61. Give p(-25).
-89
Let h(o) = -4*o**2 + o - 56. What is h(0)?
-56
Let k(t) = -96*t - 219. Give k(-2).
-27
Let h(q) = 102*q - 63. Determine h(6).
549
Let k(o) = -o**2 - 306*o + 1566. Calculate k(5).
11
Let i(m) = 17*m**2 - m - 6. Determine i(4).
262
Let q(y) = y**3 + 20*y**2 + 9*y + 132. Give q(-20).
-48
Let n(z) = 3*z**3 - 31*z**2 - 21*z + 188. Calculate n(9).
-325
Let b(m) = m**3 - 59*m**2 + 173*m - 44. Determine b(56).
236
Let r(t) = -85*t + 1030. Calculate r(12).
10
Let m(r) = -r**2 + 57*r - 556. Determine m(45).
-16
Let g(x) = 61*x - 657. Calculate g(14).
197
Let g(t) = -t**3 + 56*t**2 - 52*t - 143. Give g(55).
22
Let l(d) = 2*d**3 - 59*d**2 - 31*d - 64. What is l(30)?
-94
Let f(d) = -15*d**2 + 45*d - 227. What is f(6)?
-497
Let y(l) = 15*l**2 - 14*l - 1. Determine y(3).
92
Let p(u) = 11*u**2 - 637*u + 16. Determine p(58).
74
Let p(u) = 7*u**2 - 196*u - 78. Give p(28).
-78
Let k(n) = -2*n**3 - 99*n**2 - 48*n - 59. Determine k(-49).
-108
Let t(n) = -20*n**2 - 23*n + 127. What is t(-5)?
-258
Let y(l) = 2*l**3 + 4*l**2 - 15*l + 88. Determine y(-5).
13
Let w(c) = -557*c - 17805. Give w(-32).
19
Let o(q) = q**3 + 54*q**2 - 113*q + 115. Determine o(-56).
171
Let h(z) = 33*z - 1065. What is h(32)?
-9
Let a(n) = -113*n**3 - 3*n - 2. Give a(-1).
114
Let d(h) = h**3 + 16*h**2 - 6*h + 52. Calculate d(-15).
367
Let c(y) = y**3 - 6*y**2 - 248*y + 9. Calculate c(19).
-10
Let l(c) = -876*c**2 - 6132*c + 5. Give l(-7).
5
Let t(a) = -507*a + 10180. Give t(20).
40
Let h(y) = -259*y + 2352. Give h(9).
21
Let f(z) = -211*z + 3904. Determine f(19).
-105
Let f(x) = x**2 + 35*x - 390. What is f(-44)?
6
Let k(h) = -56*h + 408. Determine k(7).
16
Let n(i) = -2*i**2 + 245*i - 4438. What is n(22)?
-16
Let l(o) = -84*o + 843. Calculate l(11).
-81
Let x(f) = 16*f + 184. Determine x(-9).
40
Let c(s) = -540*s - 1076. Determine c(-2).
4
Let f(n) = -n**3 + 5*n**2 + 2*n + 40. Calculate f(6).
16
Let w(d) = 159*d - 639. Calculate w(4).
-3
Let b(m) = -465*m + 475. Give b(1).
10
Let o(m) = -m**2 - 15*m + 8329. Give o(-99).
13
Let v(u) = -u**3 + 13*u**2 - 147*u + 3128. Give v(16).
8
Let f(a) = -4*a**2 - 137*a - 298. Determine f(-32).
-10
Let n(o) = -o**3 + 19*o**2 + 41*o - 277. Calculate n(20).
143
Let x(w) = w**3 + 14*w**2 - 23*w - 120. Determine x(-15).
0
Let d(s) = 1400*s + 43405. Calculate d(-31).
5
Let h(m) = 4*m**2 - 83*m + 46. Determine h(20).
-14
Let v(y) = y**2 + 42*y + 473. Calculate v(-23).
36
Let t(m) = 3*m**2 - 119*m + 128. Give t(38).
-62
Let z(h) = -764*h - 1533. What is z(-2)?
-5
Let a(c) = 12*c**2 - 293*c + 63. What is a(24)?
-57
Let l(y) = y**3 - 12*y**2 + 2*y + 50. Give l(13).
245
Let k(q) = 2*q**3 + 20*q**2 + 57*q - 8. What is k(-7)?
-113
Let z(t) = -5*t**3 + t**2 + 17*t + 9. Calculate z(-3).
102
Let t(g) = 3*g**3 + 13*g**2 - 35*g - 52. Give t(-6).
-22
Let k(z) = z**3 + 44*z**2 + 42*z - 7. Determine k(-43).
36
Let j(z) = -3*z**2 - 122*z + 781. What is j(8)?
-387
Let p(y) = -3*y - 117. What is p(-23)?
-48
Let v(u) = -38*u + 1667. Determine v(44).
-5
Let a(x) = -10*x - 57. Calculate a(7).
-127
Let m(j) = j**3 - 16*j**2 - 55*j - 25. What is m(19)?
13
Let u(s) = 19*s**2 + 25*s + 79. What is u(-3)?
175
Let s(o) = -199*o + 1482. Determine s(7).
89
Let b(a) = -149*a - 144. Calculate b(-1).
5
Let o(p) = -p**3 - 9*p**2 + 14*p + 128. Determine o(-9).
2
Let m(w) = -20*w**2 - 104*w - 86. Determine m(-3).
46
Let f(g) = 150*g - 11. Give f(0).
-11
Let t(i) = 12*i - 35. Give t(-64).
-803
Let s(z) = z**3 + 66*z**2 - 512*z - 98. Calculate s(-73).
-25
Let g(c) = -c**2 - 5602*c + 78608. Determine g(14).
-16
Let l(y) = 1968*y + 13779. What is l(-7)?
3
Let q(r) = r**3 - 25*r**2 + 169*r - 262. Determine q(12).
-106
Let r(d) = d**3 + 41*d**2 - 37*d + 193. Give r(-42).
-17
Let i(x) = -x**2 + 24*x - 175. Calculate i(8).
-47
Let y(l) = l**2 - 23*l + 58. Determine y(19).
-18
Let h(r) = 181*r - 491. Calculate h(6).
595
Let z(a) = -a + 10. What is z(25)?
-15
Let n(x) = 344*x + 12. What is n(0)?
12
Let m(g) = 2*g**2 + 42*g + 203. Calculate m(-12).
-13
Let a(u) = -133*u - 857. Determine a(-6).
-59
Let o(q) = -q**3 + 15*q**2 + 37*q - 52. Give o(17).
-1
Let a(o) = -o - 217. Calculate a(-2).
-215
Let d(r) = 8*r**3 - 94*r**2 + 22*r - 553. Give d(12).
-1
Let y(h) = 36*h**2 + 1141*h + 2145. Calculate y(-2).
7
Let t(o) = -173*o + 83. Give t(-5).
948
Let i(u) = u**3 - 15*u**2 - 138*u - 1861. Determine i(24).
11
Let l(c) = -46*c + 470. What is l(10)?
10
Let v(b) = b**3 - 19*b**2 - 41*b - 48. What is v(21)?
-27
Let c(y) = y**3 + 260*y**2 - 214*y + 12254. Determine c(-261).
-13
Let u(h) = -37*h - 739. Determine u(-20).
1
Let d(c) = 4*c**2 + 947*c + 20429. Give d(-24).
5
Let d(m) = -2*m**3 - m**2 - 17*m - 30. Determine d(-2).
16
Let k(d) = -d**2 + 48*d + 1552. Give k(-22).
12
Let j(r) = 58*r**2 - 1162*r + 34. What is j(20)?
-6
Let g(p) = 339*p - 224. Calculate g(3).
793
Let v(b) = b**3 + 8*b**2 + 2*b - 5. Give v(-1).
0
Let m(p) = -4*p**2 + 110*p - 821. What is m(12)?
-77
Let q(m) = -324*m - 29813. Determine q(-92).
-5
Let i(p) = -2*p**2 - 8*p + 18. Give i(0).
18
Let q(j) = 2*j*